?
3
Calculate the remainder when 58996441 is divided by 17.
15
Calculate the remainder when 62972 is divided by 5131.
1400
Calculate the remainder when 378193 is divided by 5.
3
Calculate the remainder when 23138 is divided by 7254.
1376
What is the remainder when 135456 is divided by 445?
176
What is the remainder when 760948 is divided by 10?
8
What is the remainder when 1904842 is divided by 12?
10
Calculate the remainder when 13944319 is divided by 259.
18
What is the remainder when 2457257 is divided by 614311?
13
What is the remainder when 62578318 is divided by 53?
52
Calculate the remainder when 7484058 is divided by 8805.
8613
What is the remainder when 239569 is divided by 239198?
371
What is the remainder when 10552240 is divided by 376864?
48
Calculate the remainder when 190890909 is divided by 3.
0
What is the remainder when 3013762 is divided by 1621?
323
What is the remainder when 1798058 is divided by 2357?
2024
What is the remainder when 415903 is divided by 2?
1
Calculate the remainder when 119713 is divided by 82.
75
What is the remainder when 3758 is divided by 41?
27
Calculate the remainder when 1879317 is divided by 3628.
13
Calculate the remainder when 7503732 is divided by 24.
12
What is the remainder when 70579 is divided by 499?
220
Calculate the remainder when 1425526 is divided by 284913.
961
Calculate the remainder when 96834 is divided by 677.
23
Calculate the remainder when 604653 is divided by 100769.
39
Calculate the remainder when 22286520 is divided by 49.
46
Calculate the remainder when 92071295 is divided by 18.
17
What is the remainder when 36130 is divided by 4460?
450
What is the remainder when 51235 is divided by 1946?
639
Calculate the remainder when 34410 is divided by 11298.
516
Calculate the remainder when 84549 is divided by 11965.
794
Calculate the remainder when 11034205 is divided by 266.
259
Calculate the remainder when 7079587 is divided by 10.
7
Calculate the remainder when 26458021 is divided by 123.
106
Calculate the remainder when 6951446122 is divided by 13.
10
Calculate the remainder when 246822 is divided by 6170.
22
Calculate the remainder when 22999 is divided by 7651.
46
What is the remainder when 31320716 is divided by 240?
236
Calculate the remainder when 76074067 is divided by 449.
446
Calculate the remainder when 9818256 is divided by 756.
84
Calculate the remainder when 653091 is divided by 207.
6
Calculate the remainder when 971849722 is divided by 634.
632
Calculate the remainder when 142145 is divided by 6572.
4133
What is the remainder when 637925 is divided by 357?
323
What is the remainder when 747182 is divided by 133?
121
Calculate the remainder when 5765531 is divided by 823645.
16
Calculate the remainder when 6588062 is divided by 286437.
11
What is the remainder when 325690 is divided by 4590?
4390
What is the remainder when 1555896 is divided by 2378?
684
What is the remainder when 610632 is divided by 50670?
2592
What is the remainder when 884244 is divided by 358?
342
What is the remainder when 2933912 is divided by 36221?
11
Calculate the remainder when 1559636 is divided by 14307.
173
What is the remainder when 43244 is divided by 1360?
1084
Calculate the remainder when 55871290 is divided by 7981612.
6
Calculate the remainder when 25381787 is divided by 165.
2
What is the remainder when 1552245656 is divided by 10219?
10213
What is the remainder when 688973 is divided by 229636?
65
What is the remainder when 75969 is divided by 5062?
39
What is the remainder when 86512 is divided by 6645?
127
What is the remainder when 5390948 is divided by 82?
22
What is the remainder when 608176 is divided by 13221?
10
What is the remainder when 8486826 is divided by 2047?
2011
Calculate the remainder when 313432707 is divided by 93562.
7
What is the remainder when 338152 is divided by 84537?
4
Calculate the remainder when 492197 is divided by 197.
91
Calculate the remainder when 5658494 is divided by 330.
314
What is the remainder when 72410773 is divided by 23?
11
Calculate the remainder when 910927 is divided by 151783.
229
What is the remainder when 193407 is divided by 162?
141
Calculate the remainder when 8067 is divided by 6744.
1323
What is the remainder when 2064201 is divided by 516019?
125
What is the remainder when 25352 is divided by 1358?
908
Calculate the remainder when 1160624 is divided by 70.
24
What is the remainder when 2875930799 is divided by 100?
99
Calculate the remainder when 112318289 is divided by 630.
629
What is the remainder when 1795312 is divided by 897651?
10
What is the remainder when 6132030 is divided by 91?
86
What is the remainder when 17965527 is divided by 1242?
1239
Calculate the remainder when 20026734 is divided by 99.
24
What is the remainder when 15108923 is divided by 1162223?
24
Calculate the remainder when 1283603 is divided by 641618.
367
What is the remainder when 7272017 is divided by 7428?
5
Calculate the remainder when 334547 is divided by 2369.
518
What is the remainder when 111769 is divided by 2660?
49
Calculate the remainder when 3424295 is divided by 2460.
2435
What is the remainder when 19103883 is divided by 81293?
28
What is the remainder when 8282544 is divided by 2080?
2064
What is the remainder when 2418467 is divided by 103?
27
Calculate the remainder when 950013 is divided by 630.
603
What is the remainder when 73756 is divided by 8193?
19
Calculate the remainder when 2863638 is divided by 5832.
126
Calculate the remainder when 5194157 is divided by 59.
33
Calculate the remainder when 3279182 is divided by 2992.
2942
Calculate the remainder when 21004 is divided by 9248.
2508
What is the remainder when 1655518 is divided by 4699?
1470
Calculate the remainder when 39304129 is divided by 4367120.
49
Calculate the remainder when 115077 is divided by 5636.
2357
Calculate the remainder when 476056 is divided by 56.
0
What is the remainder when 127054 is divided by 4705?
19
What is the remainder when 2328066 is divided by 9660?
6
What is the remainder when 470230 is divided by 6190?
5980
What is the remainder when 488421 is divided by 406?
3
What is the remainder when 286705988 is divided by 11537?
1
What is the remainder when 63260 is divided by 21083?
11
What is the remainder when 38758007 is divided by 4306442?
29
Calculate the remainder when 5062417 is divided by 547.
479
What is the remainder when 128528070 is divided by 2241?
2238
Calculate the remainder when 5641949 is divided by 32.
29
What is the remainder when 4296292 is divided by 4296291?
1
Calculate the remainder when 2756032386 is divided by 3561.
3558
Calculate the remainder when 246814 is divided by 11208.
238
What is the remainder when 2440507 is divided by 10?
7
Calculate the remainder when 331050 is divided by 1631.
1588
Calculate the remainder when 80242 is divided by 2281.
407
What is the remainder when 3163174 is divided by 22?
14
What is the remainder when 924097 is divided by 262?
23
Calculate the remainder when 648476 is divided by 372.
80
What is the remainder when 379724 is divided by 126476?
296
What is the remainder when 2574913 is divided by 2128?
33
Calculate the remainder when 1760532 is divided by 372.
228
Calculate the remainder when 2246996 is divided by 498.
20
What is the remainder when 6691417 is divided by 16?
9
Calculate the remainder when 543646 is divided by 262.
258
What is the remainder when 359534 is divided by 5312?
3630
What is the remainder when 618812 is divided by 32?
28
What is the remainder when 4668348 is divided by 1612?
1608
What is the remainder when 4486828 is divided by 150?
28
What is the remainder when 114190232 is divided by 57095112?
8
Calculate the remainder when 387736 is divided by 1331.
415
What is the remainder when 4538530 is divided by 154?
150
What is the remainder when 3850651 is divided by 20?
11
Calculate the remainder when 58388 is divided by 18762.
2102
What is the remainder when 1960908 is divided by 341?
158
What is the remainder when 280702 is divided by 7794?
118
Calculate the remainder when 103747 is divided by 211.
146
Calculate the remainder when 22018093 is divided by 880723.
18
Calculate the remainder when 215144397 is divided by 547.
545
Calculate the remainder when 634809 is div